7 a prime number?
True
Is 56519327 a prime number?
True
Is 1728599 a prime number?
False
Is 2428942 a prime number?
False
Is 89922023 a prime number?
False
Is 226772759 a composite number?
True
Is 13977319 composite?
True
Is 416287 a composite number?
True
Is 197071463 a prime number?
False
Is 67247519 prime?
True
Is 73741103 prime?
True
Is 252067 prime?
False
Is 1684973 composite?
False
Is 123800414 composite?
True
Is 127322318 prime?
False
Is 93948761 prime?
True
Is 11970463 prime?
True
Is 7811987 composite?
True
Is 662807 a prime number?
False
Is 721150981 prime?
True
Is 1540645 a composite number?
True
Is 83907677 a prime number?
False
Is 11568139 a prime number?
False
Is 8553007 prime?
True
Is 81971339 a prime number?
False
Is 74690089 composite?
False
Is 47269307 composite?
False
Is 96850321 prime?
True
Is 294901577 prime?
True
Is 21496198 composite?
True
Is 14088209 prime?
True
Is 60010127 prime?
True
Is 12035293 a composite number?
True
Is 396946853 prime?
False
Is 10377793 a composite number?
False
Is 21461873 composite?
True
Is 1466771 a prime number?
True
Is 10909961 a composite number?
True
Is 5960219 composite?
True
Is 49207747 a prime number?
True
Is 218108791 composite?
False
Is 176658809 prime?
True
Is 11196167 a prime number?
True
Is 188188034 a composite number?
True
Is 21213287 a composite number?
False
Is 7638089 a prime number?
True
Is 295052929 a composite number?
True
Is 2214473 a composite number?
False
Is 581983033 a prime number?
True
Is 3800257 composite?
False
Is 7657163 prime?
False
Is 4311953 composite?
True
Is 6995617 prime?
True
Is 327851 composite?
False
Is 284545291 composite?
False
Is 24399719 a prime number?
True
Is 17046961 a prime number?
True
Is 394211 composite?
False
Is 652901 prime?
False
Is 63976349 composite?
True
Is 653151 prime?
False
Is 275155963 prime?
True
Is 47087479 a composite number?
True
Is 1450157 composite?
False
Is 27650693 a composite number?
True
Is 16007083 a composite number?
False
Is 11707763 composite?
False
Is 236987213 a prime number?
True
Is 187273 a composite number?
False
Is 81636379 prime?
False
Is 24197561 a prime number?
False
Is 8360293 prime?
False
Is 1188479 a prime number?
False
Is 21603389 prime?
True
Is 3016291 a prime number?
True
Is 639147187 a prime number?
False
Is 376390213 prime?
True
Is 677701 composite?
True
Is 7512007 a prime number?
False
Is 818281 a composite number?
False
Is 9941149 prime?
True
Is 217674917 composite?
False
Is 42063097 a prime number?
True
Is 228909974 a composite number?
True
Is 9782389 prime?
True
Is 8566507 prime?
True
Is 569889757 composite?
True
Is 16570231 composite?
False
Is 9744817 composite?
True
Is 8129371 a composite number?
False
Is 704703949 prime?
False
Is 40325855 a prime number?
False
Is 1428864677 a composite number?
False
Is 353966891 composite?
False
Is 5137739 a composite number?
False
Is 1481749987 a composite number?
False
Is 904049 a composite number?
False
Is 38823497 composite?
True
Is 26991914 composite?
True
Is 15500291 composite?
False
Is 30252454 a composite number?
True
Is 1743701 a prime number?
True
Is 605719 prime?
True
Is 484691 composite?
False
Is 196787 a prime number?
False
Is 49676443 a prime number?
True
Is 158844185 composite?
True
Is 408366659 a composite number?
False
Is 11752027 composite?
True
Is 123134549 composite?
False
Is 4049671 a prime number?
False
Is 51606431 a prime number?
True
Is 2379619 a prime number?
False
Is 705389 prime?
True
Is 65899 prime?
True
Is 19532239 a composite number?
True
Is 255731513 composite?
False
Is 89809 a prime number?
True
Is 4518947 a prime number?
True
Is 13966847 prime?
True
Is 384641 a prime number?
True
Is 7528097 a prime number?
True
Is 138071014 composite?
True
Is 19150597 composite?
False
Is 3402859 a prime number?
False
Is 1483985 prime?
False
Is 61569609 composite?
True
Is 42338657 a composite number?
True
Is 35800711 composite?
False
Is 7731743 a prime number?
True
Is 3693286 a composite number?
True
Is 2290609 a composite number?
False
Is 28762729 a prime number?
False
Is 2267731 composite?
True
Is 782111633 prime?
True
Is 58391791 a prime number?
True
Is 1810397 a prime number?
True
Is 701881 composite?
False
Is 25236787 a prime number?
False
Is 6208887 a composite number?
True
Is 228319151 a prime number?
True
Is 439950941 composite?
True
Is 99931 a prime number?
False
Is 16606853 a composite number?
False
Is 5830199 a prime number?
False
Is 69427993 composite?
False
Is 120716285 a composite number?
True
Is 96345611 a prime number?
True
Is 20943403 a prime number?
False
Is 55053751 prime?
True
Is 15334591 composite?
True
Is 102523 a prime number?
True
Is 2547313 prime?
True
Is 757751 composite?
False
Is 4523621 prime?
True
Is 14525141 a composite number?
False
Is 1174363823 composite?
False
Is 260549431 a prime number?
False
Is 109501571 composite?
False
Is 15529429 composite?
False
Is 2103701 a composite number?
True
Is 11407183 prime?
False
Is 36469241 prime?
True
Is 1010682977 a prime number?
True
Is 47768093 prime?
True
Is 28308397 a prime number?
False
Is 11290229 a composite number?
False
Is 73147031 a prime number?
True
Is 3189983 a composite number?
False
Is 11019551 prime?
False
Is 1402001 prime?
False
Is 5292071 a prime number?
True
Is 4175579 a prime number?
True
Is 9878177 a composite number?
False
Is 3259369 composite?
False
Is 6969397 a prime number?
False
Is 10919833 a prime number?
True
Is 4106003 prime?
False
Is 166486633 a composite number?
False
Is 21267359 composite?
True
Is 83760217 a composite number?
False
Is 1087091 prime?
True
Is 17609 a composite number?
False
Is 1519877 prime?
False
Is 51527279 a composite number?
False
Is 10736149 a composite number?
False
Is 438754835 a prime number?
False
Is 10188929 a composite number?
False
Is 458275847 composite?
False
Is 90436013 composite?
False
Is 16396541 prime?
False
Is 3229769 prime?
True
Is 144538993 prime?
True
Is 9094037 prime?
False
Is 247937471 composite?
True
Is 248566013 prime?
False
Is 5022779 a composite number?
False
Is 2984906 a prime number?
False
Is 22606973 a prime number?
True
Is 54650249 a composite number?
True
Is 572969 a prime number?
True
Is 5912219 a composite number?
True
Is 19404643 a composite number?
True
Is 233638 composite?
True
Is 5094533 a prime number?
True
Is 198849471 a composite number?
True
Is 6436939 a prime number?
True
Is 93489005 prime?
False
Is 124162807 prime?
False
Is 131970367 a composite number?
False
Is 27339511 composite?
False
Is 289963 prime?
False
Is 81178561 a prime number?
True
Is 43386029 a prime number?
False
Is 96827041 a composite number?
False
Is 44664197 a composite number?
False
Is 46392251 a composite number?
True
Is 6870377 composite?
False
Is 1966207 prime?
True
Is 133560071 a composite number?
False
Is 168013073 prime?
True
Is 83736493 composite?
False
Is 506889611 a composite number?
False
Is 31280962 prime?
False
Is 30146183 prime?
True
Is 60412657 a prime number?
True
Is 412867597 a prime number?
False
Is 10253509 prime?
False
Is 37011881 a prime number?
True
Is 5348311 prime?
False
Is 213702926 prime?
False
Is 11205233 a composite number?
True
Is 2856653 a prime number?
True
Is 1497947 a composite number?
True
Is 3837437 composite?
False
Is 74973953 a composite number?
True
Is 24467413 composite?
False
Is 52591513 prime?
False
Is 72355783 a composite number?
True
Is 31699409 a composite number?
True
Is 1107899 prime?
False
Is 42387601 composite?
False
Is 3680663 a prime number?
False
Is 2666267 a prime number?
True
Is 270300383 a prime number?
True
Is 744583831 composite?
False
Is 4685083 composite?
True
Is 2258231 a composite number?
True
Is 13624529 composite?
True
Is 154413407 a prime number?
True
Is 5283803 prime?
False
Is 90599 a composite number?
False
Is 13451329 a prime number?
True
Is 224670599 a composite number?
False
Is 42924443 prime?
True
Is 5587763 composite?
True
Is 146307383 composite?
True
Is 752749427 composite?
False
Is 10691389 a composite number?
True
Is 26099713 a prime number?
False
Is 5586083 a prime number?
True
Is 685241 prime?
False
Is 218224987 prime?
True
Is 128344189 prime?
False
Is 6860189 prime?
False
Is 13367957 a prime number?
True
Is 426889 composite?
False
Is 17011567 com